{"id":64,"date":"2024-02-15T19:15:23","date_gmt":"2024-02-15T18:15:23","guid":{"rendered":"https:\/\/encare.pl\/?page_id=64"},"modified":"2024-03-19T08:18:33","modified_gmt":"2024-03-19T07:18:33","slug":"kontakt","status":"publish","type":"page","link":"https:\/\/encare.pl\/?page_id=64","title":{"rendered":"KONTAKT"},"content":{"rendered":"\n<p class=\"has-text-align-left\"><strong>EnCare &#8211; Pracujemy z energi\u0105!    <\/strong>                                                      <br>78-320 Po\u0142czyn Zdr\u00f3j, ul. Jana III Sobieskiego 2, Polska <br>NIP 6721786471&nbsp; REGON 33142977<br><br>MAIL:&nbsp;<a href=\"mailto:kontakt@encare.pl\" target=\"_blank\" rel=\"noreferrer noopener\">kontakt@encare.pl<\/a><br>TELEFON: +48&nbsp;697&nbsp;599&nbsp;722<\/p>\n\n\n\n<figure class=\"wp-block-image size-full is-resized\"><img loading=\"lazy\" decoding=\"async\" width=\"823\" height=\"463\" src=\"http:\/\/encare.pl\/wp-content\/uploads\/2024\/03\/Pracujemy-z-energia-z-serca-Pomorza-Zachodniego-lidera-produkcji-zielonej-energii-w-Polsce.png\" alt=\"\" class=\"wp-image-252\" style=\"width:409px;height:auto\" srcset=\"https:\/\/encare.pl\/wp-content\/uploads\/2024\/03\/Pracujemy-z-energia-z-serca-Pomorza-Zachodniego-lidera-produkcji-zielonej-energii-w-Polsce.png 823w, https:\/\/encare.pl\/wp-content\/uploads\/2024\/03\/Pracujemy-z-energia-z-serca-Pomorza-Zachodniego-lidera-produkcji-zielonej-energii-w-Polsce-300x169.png 300w, https:\/\/encare.pl\/wp-content\/uploads\/2024\/03\/Pracujemy-z-energia-z-serca-Pomorza-Zachodniego-lidera-produkcji-zielonej-energii-w-Polsce-768x432.png 768w\" sizes=\"auto, (max-width: 823px) 100vw, 823px\" \/><\/figure>\n\n\n\n<p><\/p>\n\n\n\n<p class=\"has-text-align-left\">Adres korespondencyjny:<br>75-712 Koszalin, ul. Wojska Polskiego 46, Polska<br><\/p>\n\n\n\n<p class=\"has-text-align-left\"><\/p>\n","protected":false},"excerpt":{"rendered":"<p>EnCare &#8211; Pracujemy z energi\u0105! 78-320 Po\u0142czyn Zdr\u00f3j, ul. Jana III Sobieskiego 2, Polska NIP 6721786471&nbsp; REGON 33142977 MAIL:&nbsp;kontakt@encare.plTELEFON: +48&nbsp;697&nbsp;599&nbsp;722 Adres korespondencyjny:75-712 Koszalin, ul. Wojska Polskiego 46, Polska<\/p>\n","protected":false},"author":1,"featured_media":112,"parent":0,"menu_order":0,"comment_status":"closed","ping_status":"closed","template":"","meta":{"footnotes":""},"class_list":["post-64","page","type-page","status-publish","has-post-thumbnail","hentry"],"_links":{"self":[{"href":"https:\/\/encare.pl\/index.php?rest_route=\/wp\/v2\/pages\/64","targetHints":{"allow":["GET"]}}],"collection":[{"href":"https:\/\/encare.pl\/index.php?rest_route=\/wp\/v2\/pages"}],"about":[{"href":"https:\/\/encare.pl\/index.php?rest_route=\/wp\/v2\/types\/page"}],"author":[{"embeddable":true,"href":"https:\/\/encare.pl\/index.php?rest_route=\/wp\/v2\/users\/1"}],"replies":[{"embeddable":true,"href":"https:\/\/encare.pl\/index.php?rest_route=%2Fwp%2Fv2%2Fcomments&post=64"}],"version-history":[{"count":37,"href":"https:\/\/encare.pl\/index.php?rest_route=\/wp\/v2\/pages\/64\/revisions"}],"predecessor-version":[{"id":273,"href":"https:\/\/encare.pl\/index.php?rest_route=\/wp\/v2\/pages\/64\/revisions\/273"}],"wp:featuredmedia":[{"embeddable":true,"href":"https:\/\/encare.pl\/index.php?rest_route=\/wp\/v2\/media\/112"}],"wp:attachment":[{"href":"https:\/\/encare.pl\/index.php?rest_route=%2Fwp%2Fv2%2Fmedia&parent=64"}],"curies":[{"name":"wp","href":"https:\/\/api.w.org\/{rel}","templated":true}]}}